emainder when 30699 is divided by 1803?
48
What is the remainder when 34937 is divided by 448?
441
What is the remainder when 324739 is divided by 108231?
46
What is the remainder when 1140 is divided by 117?
87
Calculate the remainder when 1785 is divided by 600.
585
Calculate the remainder when 584 is divided by 174.
62
Calculate the remainder when 46663 is divided by 65.
58
What is the remainder when 3944087 is divided by 1314689?
20
Calculate the remainder when 1928 is divided by 179.
138
Calculate the remainder when 397809 is divided by 99451.
5
What is the remainder when 994581 is divided by 29?
26
What is the remainder when 2755 is divided by 2571?
184
Calculate the remainder when 581 is divided by 29.
1
What is the remainder when 7874 is divided by 22?
20
Calculate the remainder when 11185 is divided by 10.
5
Calculate the remainder when 26384 is divided by 172.
68
Calculate the remainder when 16616 is divided by 8274.
68
What is the remainder when 4042 is divided by 372?
322
Calculate the remainder when 168660 is divided by 19.
16
Calculate the remainder when 709014 is divided by 33.
9
What is the remainder when 29516 is divided by 14754?
8
What is the remainder when 4364 is divided by 679?
290
Calculate the remainder when 11978 is divided by 60.
38
Calculate the remainder when 6878 is divided by 3351.
176
What is the remainder when 5971 is divided by 4402?
1569
What is the remainder when 1628041 is divided by 531?
526
What is the remainder when 22587 is divided by 30?
27
Calculate the remainder when 1623383 is divided by 49.
13
What is the remainder when 115266 is divided by 231?
228
Calculate the remainder when 2843 is divided by 1092.
659
Calculate the remainder when 657 is divided by 160.
17
Calculate the remainder when 779 is divided by 750.
29
What is the remainder when 8096807 is divided by 49?
47
What is the remainder when 103149 is divided by 14732?
25
Calculate the remainder when 3732211 is divided by 34.
31
What is the remainder when 71436 is divided by 1983?
48
Calculate the remainder when 554 is divided by 504.
50
Calculate the remainder when 93291 is divided by 138.
3
Calculate the remainder when 165133 is divided by 101.
99
Calculate the remainder when 15368 is divided by 84.
80
Calculate the remainder when 159849 is divided by 231.
228
Calculate the remainder when 2652 is divided by 106.
2
Calculate the remainder when 8956 is divided by 31.
28
Calculate the remainder when 816600 is divided by 17.
5
Calculate the remainder when 5916 is divided by 1737.
705
Calculate the remainder when 4653 is divided by 1117.
185
Calculate the remainder when 365720 is divided by 73.
63
What is the remainder when 3906 is divided by 775?
31
What is the remainder when 4350 is divided by 561?
423
Calculate the remainder when 10547 is divided by 3487.
86
Calculate the remainder when 5832 is divided by 30.
12
What is the remainder when 739470 is divided by 738?
732
What is the remainder when 2336 is divided by 2326?
10
Calculate the remainder when 3957 is divided by 1114.
615
What is the remainder when 9657 is divided by 102?
69
Calculate the remainder when 30183 is divided by 4311.
6
What is the remainder when 3602 is divided by 69?
14
What is the remainder when 6925 is divided by 487?
107
What is the remainder when 221 is divided by 7?
4
Calculate the remainder when 9753 is divided by 4467.
819
What is the remainder when 8998 is divided by 50?
48
Calculate the remainder when 5892 is divided by 155.
2
What is the remainder when 117913 is divided by 11789?
23
What is the remainder when 50503 is divided by 207?
202
Calculate the remainder when 852 is divided by 176.
148
What is the remainder when 1253 is divided by 134?
47
Calculate the remainder when 29541 is divided by 34.
29
What is the remainder when 517395 is divided by 129347?
7
What is the remainder when 6013 is divided by 275?
238
What is the remainder when 870076 is divided by 21?
4
What is the remainder when 45193 is divided by 34?
7
Calculate the remainder when 4597 is divided by 63.
61
Calculate the remainder when 842084 is divided by 479.
2
Calculate the remainder when 192880 is divided by 342.
334
What is the remainder when 7691 is divided by 1528?
51
What is the remainder when 28904 is divided by 516?
8
What is the remainder when 6298 is divided by 57?
28
What is the remainder when 147907 is divided by 10?
7
What is the remainder when 615 is divided by 56?
55
Calculate the remainder when 14098 is divided by 3519.
22
Calculate the remainder when 70187 is divided by 675.
662
What is the remainder when 1894 is divided by 321?
289
What is the remainder when 855 is divided by 77?
8
What is the remainder when 88 is divided by 72?
16
Calculate the remainder when 22529 is divided by 341.
23
Calculate the remainder when 335601 is divided by 67.
65
Calculate the remainder when 13198 is divided by 186.
178
Calculate the remainder when 1312840 is divided by 17.
15
Calculate the remainder when 432980 is divided by 86592.
20
Calculate the remainder when 14667 is divided by 10.
7
What is the remainder when 1944 is divided by 161?
12
What is the remainder when 4807 is divided by 46?
23
Calculate the remainder when 12795 is divided by 7.
6
Calculate the remainder when 3883 is divided by 184.
19
What is the remainder when 6421 is divided by 73?
70
Calculate the remainder when 4576 is divided by 4545.
31
What is the remainder when 498 is divided by 326?
172
Calculate the remainder when 1189 is divided by 17.
16
Calculate the remainder when 103001 is divided by 383.
357
Calculate the remainder when 12766 is divided by 12766.
0
Calculate the remainder when 22231 is divided by 5405.
611
What is the remainder when 884232 is divided by 253?
250
What is the remainder when 568 is divided by 235?
98
What is the remainder when 1614287 is divided by 911?
906
Calculate the remainder when 663 is divided by 606.
57
What is the remainder when 134871 is divided by 92?
91
Calculate the remainder when 61494 is divided by 322.
314
Calculate the remainder when 987542 is divided by 73.
71
Calculate the remainder when 129608 is divided by 117.
89
Calculate the remainder when 7485 is divided by 27.
6
What is the remainder when 2677 is divided by 1310?
57
Calculate the remainder when 21682 is divided by 199.
190
Calculate the remainder when 150776 is divided by 28.
24
What is the remainder when 13142 is divided by 3280?
22
Calculate the remainder when 14730 is divided by 307.
301
What is the remainder when 17778 is divided by 1120?
978
Calculate the remainder when 1724921 is divided by 18.
17
Calculate the remainder when 29640 is divided by 23.
16
What is the remainder when 6062 is divided by 72?
14
Calculate the remainder when 6224 is divided by 1487.
276
What is the remainder when 18960 is divided by 18888?
72
Calculate the remainder when 4050 is divided by 48.
18
What is the remainder when 68435 is divided by 33?
26
Calculate the remainder when 22245 is divided by 359.
346
Calculate the remainder when 163977 is divided by 388.
241
Calculate the remainder when 177972 is divided by 75.
72
What is the remainder when 403557 is divided by 481?
479
What is the remainder when 86174 is divided by 383?
382
What is the remainder when 5020 is divided by 32?
28
What is the remainder when 22511 is divided by 40?
31
What is the remainder when 27675 is divided by 221?
50
Calculate the remainder when 27914 is divided by 91.
68
Calculate the remainder when 15908 is divided by 52.
48
Calculate the remainder when 454263 is divided by 5.
3
What is the remainder when 1998968 is divided by 565?
563
Calculate the remainder when 130125 is divided by 24.
21
What is the remainder when 1237 is divided by 371?
124
Calculate the remainder when 74630 is divided by 70.
10
Calculate the remainder when 29180 is divided by 38.
34
What is the remainder when 199714 is divided by 204?
202
Calculate the remainder when 152493 is divided by 591.
15
Calculate the remainder when 440 is divided by 17.
15
Calculate the remainder when 2506 is divided by 2433.
73
What is the remainder when 3121402 is divided by 561?
559
Calculate the remainder when 31959 is divided by 571.
554
What is the remainder when 68588 is divided by 3429?
8
Calculate the remainder wh